{"id":2280,"date":"2025-01-11T10:09:26","date_gmt":"2025-01-11T15:09:26","guid":{"rendered":"https:\/\/ucmh.sld.cu\/?page_id=2280"},"modified":"2025-04-28T11:05:05","modified_gmt":"2025-04-28T15:05:05","slug":"acreditacion","status":"publish","type":"page","link":"https:\/\/ucmh.sld.cu\/?page_id=2280","title":{"rendered":"Convergencia  Estrat\u00e9gica  en Salud"},"content":{"rendered":"[vc_row][vc_column][vc_text_separator title=&#8221;Convergencia Estrat\u00e9gica en Salud&#8221; color=&#8221;custom&#8221; style=&#8221;shadow&#8221; border_width=&#8221;2&#8243;][\/vc_column][\/vc_row][vc_row][vc_column][vc_column_text]Con sede en el Sal\u00f3n Magisterio de la Universidad de Ciencias M\u00e9dicas de La Habana, comenz\u00f3 sus sesiones en la jornada de este mi\u00e9rcoles, el Taller Internacional \u201c<strong>Convergencia\u00a0 Estrat\u00e9gica\u00a0 en Salud\u201d,<\/strong> dirigido a profesionales de la salud y directivos de la Educaci\u00f3n M\u00e9dica, \u00a0con la presencia del Dr. Patricio Y\u00e9pez Mi\u00f1o, representante de la UDUALC, el Dr. C. Rogelio Pizzi, presidente de la Asociaci\u00f3n Latinoamericana de Escuelas y Facultades de Medicina y\u00a0 la Dr. C. \u00a0Mairim Lago Queija, rectora de la Universidad de Ciencias M\u00e9dicas de La Habana, as\u00ed como de representantes de otras organizaciones internacionales, de varias universidades de la regi\u00f3n de las Am\u00e9ricas y de Espa\u00f1a, directivos y profesores de la UCMH.[\/vc_column_text][\/vc_column][\/vc_row][vc_row][vc_column][vc_images_carousel images=&#8221;2442,2441,2440,2439,2438,2437,2436,2435,2434&#8243; img_size=&#8221;large&#8221; autoplay=&#8221;yes&#8221;][vc_column_text]En este encuentro enmarcado en el programa de actividades de la V Convenci\u00f3n Internacional Cuba Salud 2025, luego de la bienvenida de la titular de Ciencias M\u00e9dicas y la panor\u00e1mica ofrecida por el Dr. Y\u00e9pez sobre la historia de la UDUAL, fue presentada la experiencia del n\u00facleo acad\u00e9mico de la primera edici\u00f3n del diplomado \u201cAtenci\u00f3n Primaria para la Salud Global\u201d, con la participaci\u00f3n de manera on line de varios de sus diplomantes.\r\n\r\nFueron analizadas y planteadas adem\u00e1s algunas estrategias para difundir los diplomados en Am\u00e9rica Latina y el Caribe con participaci\u00f3n intersectorial, as\u00ed como la posibilidad de encuentros intersectoriales entre las universidades, los sistemas de salud, los organismos de integraci\u00f3n y cooperaci\u00f3n t\u00e9cnica para definir un plan de trabajo que permita avanzar hacia la convergencia estrat\u00e9gica en Am\u00e9rica Latina y el Caribe sobre tan importante tem\u00e1tica. El Taller concluir\u00e1 sus labores este jueves\u00a0 en el mismo escenario\u201d.[\/vc_column_text][\/vc_column][\/vc_row][vc_row][vc_column][\/vc_column][\/vc_row]","protected":false},"excerpt":{"rendered":"<p>[vc_row][vc_column][vc_text_separator title=&#8221;Convergencia Estrat\u00e9gica en Salud&#8221; color=&#8221;custom&#8221; style=&#8221;shadow&#8221; border_width=&#8221;2&#8243;][\/vc_column][\/vc_row][vc_row][vc_column][vc_column_text]Con sede en el Sal\u00f3n Magisterio de la Universidad de Ciencias M\u00e9dicas de La Habana, comenz\u00f3 sus sesiones en la jornada de este mi\u00e9rcoles, el Taller Internacional \u201cConvergencia\u00a0 Estrat\u00e9gica\u00a0 en Salud\u201d, dirigido a profesionales de la salud y directivos de la Educaci\u00f3n M\u00e9dica, \u00a0con la presencia del Dr. [&hellip;]<\/p>\n","protected":false},"author":1,"featured_media":0,"parent":0,"menu_order":0,"comment_status":"closed","ping_status":"closed","template":"","meta":{"_lmt_disableupdate":"no","_lmt_disable":"no"},"yoast_head":"<!-- This site is optimized with the Yoast SEO plugin v20.7 - https:\/\/yoast.com\/wordpress\/plugins\/seo\/ -->\n<title>Convergencia Estrat\u00e9gica en Salud - UCMHabana<\/title>\n<meta name=\"robots\" content=\"index, follow, max-snippet:-1, max-image-preview:large, max-video-preview:-1\" \/>\n<link rel=\"canonical\" href=\"https:\/\/ucmh.sld.cu\/?page_id=2280\" \/>\n<meta property=\"og:locale\" content=\"es_ES\" \/>\n<meta property=\"og:type\" content=\"article\" \/>\n<meta property=\"og:title\" content=\"Convergencia Estrat\u00e9gica en Salud - UCMHabana\" \/>\n<meta property=\"og:description\" content=\"[vc_row][vc_column][vc_text_separator title=&#8221;Convergencia Estrat\u00e9gica en Salud&#8221; color=&#8221;custom&#8221; style=&#8221;shadow&#8221; border_width=&#8221;2&#8243;][\/vc_column][\/vc_row][vc_row][vc_column][vc_column_text]Con sede en el Sal\u00f3n Magisterio de la Universidad de Ciencias M\u00e9dicas de La Habana, comenz\u00f3 sus sesiones en la jornada de este mi\u00e9rcoles, el Taller Internacional \u201cConvergencia\u00a0 Estrat\u00e9gica\u00a0 en Salud\u201d, dirigido a profesionales de la salud y directivos de la Educaci\u00f3n M\u00e9dica, \u00a0con la presencia del Dr. [&hellip;]\" \/>\n<meta property=\"og:url\" content=\"https:\/\/ucmh.sld.cu\/?page_id=2280\" \/>\n<meta property=\"og:site_name\" content=\"UCMHabana\" \/>\n<meta property=\"article:publisher\" content=\"https:\/\/www.facebook.com\/universidadcienciasmedicashabana\" \/>\n<meta property=\"article:modified_time\" content=\"2025-04-28T15:05:05+00:00\" \/>\n<meta property=\"og:image\" content=\"https:\/\/ucmh.sld.cu\/wp-content\/uploads\/2022\/06\/LOGO-IMAGEN-TEXTO-CONSOMBRA-PNG.png\" \/>\n\t<meta property=\"og:image:width\" content=\"450\" \/>\n\t<meta property=\"og:image:height\" content=\"135\" \/>\n\t<meta property=\"og:image:type\" content=\"image\/png\" \/>\n<meta name=\"twitter:card\" content=\"summary_large_image\" \/>\n<meta name=\"twitter:site\" content=\"@UCMHabana\" \/>\n<meta name=\"twitter:label1\" content=\"Est. reading time\" \/>\n\t<meta name=\"twitter:data1\" content=\"2 minutos\" \/>\n<script type=\"application\/ld+json\" class=\"yoast-schema-graph\">{\"@context\":\"https:\/\/schema.org\",\"@graph\":[{\"@type\":\"WebPage\",\"@id\":\"https:\/\/ucmh.sld.cu\/?page_id=2280\",\"url\":\"https:\/\/ucmh.sld.cu\/?page_id=2280\",\"name\":\"Convergencia Estrat\u00e9gica en Salud - UCMHabana\",\"isPartOf\":{\"@id\":\"https:\/\/ucmh.sld.cu\/#website\"},\"datePublished\":\"2025-01-11T15:09:26+00:00\",\"dateModified\":\"2025-04-28T15:05:05+00:00\",\"breadcrumb\":{\"@id\":\"https:\/\/ucmh.sld.cu\/?page_id=2280#breadcrumb\"},\"inLanguage\":\"es\",\"potentialAction\":[{\"@type\":\"ReadAction\",\"target\":[\"https:\/\/ucmh.sld.cu\/?page_id=2280\"]}]},{\"@type\":\"BreadcrumbList\",\"@id\":\"https:\/\/ucmh.sld.cu\/?page_id=2280#breadcrumb\",\"itemListElement\":[{\"@type\":\"ListItem\",\"position\":1,\"name\":\"Home\",\"item\":\"https:\/\/ucmh.sld.cu\/\"},{\"@type\":\"ListItem\",\"position\":2,\"name\":\"Convergencia Estrat\u00e9gica en Salud\"}]},{\"@type\":\"WebSite\",\"@id\":\"https:\/\/ucmh.sld.cu\/#website\",\"url\":\"https:\/\/ucmh.sld.cu\/\",\"name\":\"UCMHabana\",\"description\":\"Por una universidad de excelencia\",\"publisher\":{\"@id\":\"https:\/\/ucmh.sld.cu\/#organization\"},\"alternateName\":\"Universidad de Ciencias M\u00e9dicas de La Habana\",\"potentialAction\":[{\"@type\":\"SearchAction\",\"target\":{\"@type\":\"EntryPoint\",\"urlTemplate\":\"https:\/\/ucmh.sld.cu\/?s={search_term_string}\"},\"query-input\":\"required name=search_term_string\"}],\"inLanguage\":\"es\"},{\"@type\":\"Organization\",\"@id\":\"https:\/\/ucmh.sld.cu\/#organization\",\"name\":\"Universidad de Ciencias M\u00e9dicas de La Habana\",\"alternateName\":\"UCMHabana\",\"url\":\"https:\/\/ucmh.sld.cu\/\",\"logo\":{\"@type\":\"ImageObject\",\"inLanguage\":\"es\",\"@id\":\"https:\/\/ucmh.sld.cu\/#\/schema\/logo\/image\/\",\"url\":\"https:\/\/ucmh.sld.cu\/wp-content\/uploads\/2023\/05\/logo-universidad_1.jpg\",\"contentUrl\":\"https:\/\/ucmh.sld.cu\/wp-content\/uploads\/2023\/05\/logo-universidad_1.jpg\",\"width\":710,\"height\":498,\"caption\":\"Universidad de Ciencias M\u00e9dicas de La Habana\"},\"image\":{\"@id\":\"https:\/\/ucmh.sld.cu\/#\/schema\/logo\/image\/\"},\"sameAs\":[\"https:\/\/www.facebook.com\/universidadcienciasmedicashabana\",\"https:\/\/twitter.com\/UCMHabana\",\"https:\/\/www.instagram.com\/ucmh_cuba\",\"http:\/\/www.youtube.com\/@universidaddecienciasmedic6315\"]}]}<\/script>\n<!-- \/ Yoast SEO plugin. -->","yoast_head_json":{"title":"Convergencia Estrat\u00e9gica en Salud - UCMHabana","robots":{"index":"index","follow":"follow","max-snippet":"max-snippet:-1","max-image-preview":"max-image-preview:large","max-video-preview":"max-video-preview:-1"},"canonical":"https:\/\/ucmh.sld.cu\/?page_id=2280","og_locale":"es_ES","og_type":"article","og_title":"Convergencia Estrat\u00e9gica en Salud - UCMHabana","og_description":"[vc_row][vc_column][vc_text_separator title=&#8221;Convergencia Estrat\u00e9gica en Salud&#8221; color=&#8221;custom&#8221; style=&#8221;shadow&#8221; border_width=&#8221;2&#8243;][\/vc_column][\/vc_row][vc_row][vc_column][vc_column_text]Con sede en el Sal\u00f3n Magisterio de la Universidad de Ciencias M\u00e9dicas de La Habana, comenz\u00f3 sus sesiones en la jornada de este mi\u00e9rcoles, el Taller Internacional \u201cConvergencia\u00a0 Estrat\u00e9gica\u00a0 en Salud\u201d, dirigido a profesionales de la salud y directivos de la Educaci\u00f3n M\u00e9dica, \u00a0con la presencia del Dr. [&hellip;]","og_url":"https:\/\/ucmh.sld.cu\/?page_id=2280","og_site_name":"UCMHabana","article_publisher":"https:\/\/www.facebook.com\/universidadcienciasmedicashabana","article_modified_time":"2025-04-28T15:05:05+00:00","og_image":[{"width":450,"height":135,"url":"https:\/\/ucmh.sld.cu\/wp-content\/uploads\/2022\/06\/LOGO-IMAGEN-TEXTO-CONSOMBRA-PNG.png","type":"image\/png"}],"twitter_card":"summary_large_image","twitter_site":"@UCMHabana","twitter_misc":{"Est. reading time":"2 minutos"},"schema":{"@context":"https:\/\/schema.org","@graph":[{"@type":"WebPage","@id":"https:\/\/ucmh.sld.cu\/?page_id=2280","url":"https:\/\/ucmh.sld.cu\/?page_id=2280","name":"Convergencia Estrat\u00e9gica en Salud - UCMHabana","isPartOf":{"@id":"https:\/\/ucmh.sld.cu\/#website"},"datePublished":"2025-01-11T15:09:26+00:00","dateModified":"2025-04-28T15:05:05+00:00","breadcrumb":{"@id":"https:\/\/ucmh.sld.cu\/?page_id=2280#breadcrumb"},"inLanguage":"es","potentialAction":[{"@type":"ReadAction","target":["https:\/\/ucmh.sld.cu\/?page_id=2280"]}]},{"@type":"BreadcrumbList","@id":"https:\/\/ucmh.sld.cu\/?page_id=2280#breadcrumb","itemListElement":[{"@type":"ListItem","position":1,"name":"Home","item":"https:\/\/ucmh.sld.cu\/"},{"@type":"ListItem","position":2,"name":"Convergencia Estrat\u00e9gica en Salud"}]},{"@type":"WebSite","@id":"https:\/\/ucmh.sld.cu\/#website","url":"https:\/\/ucmh.sld.cu\/","name":"UCMHabana","description":"Por una universidad de excelencia","publisher":{"@id":"https:\/\/ucmh.sld.cu\/#organization"},"alternateName":"Universidad de Ciencias M\u00e9dicas de La Habana","potentialAction":[{"@type":"SearchAction","target":{"@type":"EntryPoint","urlTemplate":"https:\/\/ucmh.sld.cu\/?s={search_term_string}"},"query-input":"required name=search_term_string"}],"inLanguage":"es"},{"@type":"Organization","@id":"https:\/\/ucmh.sld.cu\/#organization","name":"Universidad de Ciencias M\u00e9dicas de La Habana","alternateName":"UCMHabana","url":"https:\/\/ucmh.sld.cu\/","logo":{"@type":"ImageObject","inLanguage":"es","@id":"https:\/\/ucmh.sld.cu\/#\/schema\/logo\/image\/","url":"https:\/\/ucmh.sld.cu\/wp-content\/uploads\/2023\/05\/logo-universidad_1.jpg","contentUrl":"https:\/\/ucmh.sld.cu\/wp-content\/uploads\/2023\/05\/logo-universidad_1.jpg","width":710,"height":498,"caption":"Universidad de Ciencias M\u00e9dicas de La Habana"},"image":{"@id":"https:\/\/ucmh.sld.cu\/#\/schema\/logo\/image\/"},"sameAs":["https:\/\/www.facebook.com\/universidadcienciasmedicashabana","https:\/\/twitter.com\/UCMHabana","https:\/\/www.instagram.com\/ucmh_cuba","http:\/\/www.youtube.com\/@universidaddecienciasmedic6315"]}]}},"_links":{"self":[{"href":"https:\/\/ucmh.sld.cu\/index.php?rest_route=\/wp\/v2\/pages\/2280"}],"collection":[{"href":"https:\/\/ucmh.sld.cu\/index.php?rest_route=\/wp\/v2\/pages"}],"about":[{"href":"https:\/\/ucmh.sld.cu\/index.php?rest_route=\/wp\/v2\/types\/page"}],"author":[{"embeddable":true,"href":"https:\/\/ucmh.sld.cu\/index.php?rest_route=\/wp\/v2\/users\/1"}],"replies":[{"embeddable":true,"href":"https:\/\/ucmh.sld.cu\/index.php?rest_route=%2Fwp%2Fv2%2Fcomments&post=2280"}],"version-history":[{"count":22,"href":"https:\/\/ucmh.sld.cu\/index.php?rest_route=\/wp\/v2\/pages\/2280\/revisions"}],"predecessor-version":[{"id":2444,"href":"https:\/\/ucmh.sld.cu\/index.php?rest_route=\/wp\/v2\/pages\/2280\/revisions\/2444"}],"wp:attachment":[{"href":"https:\/\/ucmh.sld.cu\/index.php?rest_route=%2Fwp%2Fv2%2Fmedia&parent=2280"}],"curies":[{"name":"wp","href":"https:\/\/api.w.org\/{rel}","templated":true}]}}

Convergencia  Estratégica  en Salud

[vc_row][vc_column][vc_text_separator title=&#8221;Convergencia Estratégica en Salud&#8221; color=&#8221;custom&#8221; style=&#8221;shadow&#8221; border_width=&#8221;2&#8243;][/vc_column][/vc_row][vc_row][vc_column][vc_column_text]Con sede en el Salón Magisterio de la Universidad de Ciencias Médicas de La Habana, comenzó sus sesiones en la jornada de este miércoles, el Taller Internacional “<strong>Convergencia  Estratégica  en Salud”,</strong> dirigido a profesionales de la salud y directivos de la Educación Médica,  con la presencia del Dr. Patricio Yépez Miño, representante de la UDUALC, el Dr. C. Rogelio Pizzi, presidente de la Asociación Latinoamericana de Escuelas y Facultades de Medicina y  la Dr. C.  Mairim Lago Queija, rectora de la Universidad de Ciencias Médicas de La Habana, así como de representantes de otras organizaciones internacionales, de varias universidades de la región de las Américas y de España, directivos y profesores de la UCMH.[/vc_column_text][/vc_column][/vc_row][vc_row][vc_column][vc_images_carousel images=&#8221;2442,2441,2440,2439,2438,2437,2436,2435,2434&#8243; img_size=&#8221;large&#8221; autoplay=&#8221;yes&#8221;][vc_column_text]En este encuentro enmarcado en el programa de actividades de la V Convención Internacional Cuba Salud 2025, luego de la bienvenida de la titular de Ciencias Médicas y la panorámica ofrecida por el Dr. Yépez sobre la historia de la UDUAL, fue presentada la experiencia del núcleo académico de la primera edición del diplomado “Atención Primaria para la Salud Global”, con la participación de manera on line de varios de sus diplomantes.

Fueron analizadas y planteadas además algunas estrategias para difundir los diplomados en América Latina y el Caribe con participación intersectorial, así como la posibilidad de encuentros intersectoriales entre las universidades, los sistemas de salud, los organismos de integración y cooperación técnica para definir un plan de trabajo que permita avanzar hacia la convergencia estratégica en América Latina y el Caribe sobre tan importante temática. El Taller concluirá sus labores este jueves  en el mismo escenario”.[/vc_column_text][/vc_column][/vc_row][vc_row][vc_column][/vc_column][/vc_row]

<p>[vc_row][vc_column][vc_text_separator title=&#8221;Convergencia Estratégica en Salud&#8221; color=&#8221;custom&#8221; style=&#8221;shadow&#8221; border_width=&#8221;2&#8243;][/vc_column][/vc_row][vc_row][vc_column][vc_column_text]Con sede en el Salón Magisterio de la Universidad de Ciencias Médicas de La Habana, comenzó sus sesiones en la jornada de este miércoles, el Taller Internacional “Convergencia  Estratégica  en Salud”, dirigido a profesionales de la salud y directivos de la Educación Médica,  con la presencia del Dr. [&hellip;]</p>

<!-- This site is optimized with the Yoast SEO plugin v20.7 - https://yoast.com/wordpress/plugins/seo/ -->
<title>Convergencia Estratégica en Salud - UCMHabana</title>
<meta name="robots" content="index, follow, max-snippet:-1, max-image-preview:large, max-video-preview:-1" />
<link rel="canonical" href="https://ucmh.sld.cu/?page_id=2280" />
<meta property="og:locale" content="es_ES" />
<meta property="og:type" content="article" />
<meta property="og:title" content="Convergencia Estratégica en Salud - UCMHabana" />
<meta property="og:description" content="[vc_row][vc_column][vc_text_separator title=&#8221;Convergencia Estratégica en Salud&#8221; color=&#8221;custom&#8221; style=&#8221;shadow&#8221; border_width=&#8221;2&#8243;][/vc_column][/vc_row][vc_row][vc_column][vc_column_text]Con sede en el Salón Magisterio de la Universidad de Ciencias Médicas de La Habana, comenzó sus sesiones en la jornada de este miércoles, el Taller Internacional “Convergencia  Estratégica  en Salud”, dirigido a profesionales de la salud y directivos de la Educación Médica,  con la presencia del Dr. [&hellip;]" />
<meta property="og:url" content="https://ucmh.sld.cu/?page_id=2280" />
<meta property="og:site_name" content="UCMHabana" />
<meta property="article:publisher" content="https://www.facebook.com/universidadcienciasmedicashabana" />
<meta property="article:modified_time" content="2025-04-28T15:05:05+00:00" />
<meta property="og:image" content="https://ucmh.sld.cu/wp-content/uploads/2022/06/LOGO-IMAGEN-TEXTO-CONSOMBRA-PNG.png" />
	<meta property="og:image:width" content="450" />
	<meta property="og:image:height" content="135" />
	<meta property="og:image:type" content="image/png" />
<meta name="twitter:card" content="summary_large_image" />
<meta name="twitter:site" content="@UCMHabana" />
<meta name="twitter:label1" content="Est. reading time" />
	<meta name="twitter:data1" content="2 minutos" />
<script type="application/ld+json" class="yoast-schema-graph">{"@context":"https://schema.org","@graph":[{"@type":"WebPage","@id":"https://ucmh.sld.cu/?page_id=2280","url":"https://ucmh.sld.cu/?page_id=2280","name":"Convergencia Estratégica en Salud - UCMHabana","isPartOf":{"@id":"https://ucmh.sld.cu/#website"},"datePublished":"2025-01-11T15:09:26+00:00","dateModified":"2025-04-28T15:05:05+00:00","breadcrumb":{"@id":"https://ucmh.sld.cu/?page_id=2280#breadcrumb"},"inLanguage":"es","potentialAction":[{"@type":"ReadAction","target":["https://ucmh.sld.cu/?page_id=2280"]}]},{"@type":"BreadcrumbList","@id":"https://ucmh.sld.cu/?page_id=2280#breadcrumb","itemListElement":[{"@type":"ListItem","position":1,"name":"Home","item":"https://ucmh.sld.cu/"},{"@type":"ListItem","position":2,"name":"Convergencia Estratégica en Salud"}]},{"@type":"WebSite","@id":"https://ucmh.sld.cu/#website","url":"https://ucmh.sld.cu/","name":"UCMHabana","description":"Por una universidad de excelencia","publisher":{"@id":"https://ucmh.sld.cu/#organization"},"alternateName":"Universidad de Ciencias Médicas de La Habana","potentialAction":[{"@type":"SearchAction","target":{"@type":"EntryPoint","urlTemplate":"https://ucmh.sld.cu/?s={search_term_string}"},"query-input":"required name=search_term_string"}],"inLanguage":"es"},{"@type":"Organization","@id":"https://ucmh.sld.cu/#organization","name":"Universidad de Ciencias Médicas de La Habana","alternateName":"UCMHabana","url":"https://ucmh.sld.cu/","logo":{"@type":"ImageObject","inLanguage":"es","@id":"https://ucmh.sld.cu/#/schema/logo/image/","url":"https://ucmh.sld.cu/wp-content/uploads/2023/05/logo-universidad_1.jpg","contentUrl":"https://ucmh.sld.cu/wp-content/uploads/2023/05/logo-universidad_1.jpg","width":710,"height":498,"caption":"Universidad de Ciencias Médicas de La Habana"},"image":{"@id":"https://ucmh.sld.cu/#/schema/logo/image/"},"sameAs":["https://www.facebook.com/universidadcienciasmedicashabana","https://twitter.com/UCMHabana","https://www.instagram.com/ucmh_cuba","http://www.youtube.com/@universidaddecienciasmedic6315"]}]}</script>
<!-- / Yoast SEO plugin. -->

Convergencia Estratégica en Salud - UCMHabana

[vc_row][vc_column][vc_text_separator title=&#8221;Convergencia Estratégica en Salud&#8221; color=&#8221;custom&#8221; style=&#8221;shadow&#8221; border_width=&#8221;2&#8243;][/vc_column][/vc_row][vc_row][vc_column][vc_column_text]Con sede en el Salón Magisterio de la Universidad de Ciencias Médicas de La Habana, comenzó sus sesiones en la jornada de este miércoles, el Taller Internacional “Convergencia  Estratégica  en Salud”, dirigido a profesionales de la salud y directivos de la Educación Médica,  con la presencia del Dr. [&hellip;]

Convergencia Estratégica en Salud

Universidad de Ciencias Médicas de La Habana
