{"id":2482,"date":"2025-05-29T11:54:38","date_gmt":"2025-05-29T15:54:38","guid":{"rendered":"https:\/\/ucmh.sld.cu\/?page_id=2482"},"modified":"2025-05-29T12:13:17","modified_gmt":"2025-05-29T16:13:17","slug":"resultados-de-la-acreditacion","status":"publish","type":"page","link":"https:\/\/ucmh.sld.cu\/?page_id=2482","title":{"rendered":"Resultados de la Acreditaci\u00f3n"},"content":{"rendered":"[vc_row][vc_column][vc_text_separator title=&#8221;UCMH, Universidad de Excelencia&#8221; color=&#8221;custom&#8221; style=&#8221;shadow&#8221; border_width=&#8221;2&#8243; accent_color=&#8221;#06589c&#8221;][vc_column_text]\r\n<p style=\"text-align: right;\"><strong>\u00a0<\/strong><\/p>\r\n&nbsp;\r\n\r\nLa Universidad de Ciencias M\u00e9dicas de La Habana, heredera de casi\u00a0 tres siglos de saberes y experiencias acumuladas en la formaci\u00f3n de profesionales y t\u00e9cnicos de la salud, alcanz\u00f3 este 19 de mayo un nuevo escal\u00f3n en el perfeccionamiento de su gesti\u00f3n y encargo social al conocerse la decisi\u00f3n del Pleno de la Junta de Acreditaci\u00f3n Nacional en su sesi\u00f3n 56, de otorgarle la Categor\u00eda de Universidad de Excelencia como resultado de la supervisi\u00f3n externa a que fuera sometida esta Casa de Altos Estudios en enero del presente a\u00f1o por un equipo de expertos designados para su evaluaci\u00f3n integral y en la que todos los componentes de la\u00a0 comunidad universitaria, en especial su estudiantado, \u00a0dieran muestras con total entrega, responsabilidad y sentido de pertenencia de\u00a0 los elevados est\u00e1ndares alcanzados en la calidad y pertinencia de sus procesos formativos en los planos acad\u00e9micos, cient\u00edficos y extensionistas,\u00a0 tanto en el pre\u00a0 como en el\u00a0 postgrado.\r\n\r\nLo hasta ahora logrado no es una meta en s\u00ed, la categor\u00eda alcanzada compromete a la UCMH a enfrentar nuevos desaf\u00edos, siempre en funci\u00f3n de la mejora continua de la atenci\u00f3n a la salud de nuestro pueblo y de otros pueblos del mundo que demanden nuestra colaboraci\u00f3n. Llegue el merecido reconocimiento y las felicitaciones m\u00e1s\u00a0 sinceras a todos sus directivos, profesores, trabajadores y estudiantes, as\u00ed como la exhortaci\u00f3n \u00a0a mantener y superar las metas alcanzadas.[\/vc_column_text][\/vc_column][\/vc_row]","protected":false},"excerpt":{"rendered":"<p>[vc_row][vc_column][vc_text_separator title=&#8221;UCMH, Universidad de Excelencia&#8221; color=&#8221;custom&#8221; style=&#8221;shadow&#8221; border_width=&#8221;2&#8243; accent_color=&#8221;#06589c&#8221;][vc_column_text] \u00a0 &nbsp; La Universidad de Ciencias M\u00e9dicas de La Habana, heredera de casi\u00a0 tres siglos de saberes y experiencias acumuladas en la formaci\u00f3n de profesionales y t\u00e9cnicos de la salud, alcanz\u00f3 este 19 de mayo un nuevo escal\u00f3n en el perfeccionamiento de su gesti\u00f3n y encargo [&hellip;]<\/p>\n","protected":false},"author":1,"featured_media":0,"parent":0,"menu_order":0,"comment_status":"closed","ping_status":"closed","template":"","meta":{"_lmt_disableupdate":"no","_lmt_disable":"no"},"yoast_head":"<!-- This site is optimized with the Yoast SEO plugin v20.7 - https:\/\/yoast.com\/wordpress\/plugins\/seo\/ -->\n<title>Resultados de la Acreditaci\u00f3n - UCMHabana<\/title>\n<meta name=\"robots\" content=\"index, follow, max-snippet:-1, max-image-preview:large, max-video-preview:-1\" \/>\n<link rel=\"canonical\" href=\"https:\/\/ucmh.sld.cu\/?page_id=2482\" \/>\n<meta property=\"og:locale\" content=\"es_ES\" \/>\n<meta property=\"og:type\" content=\"article\" \/>\n<meta property=\"og:title\" content=\"Resultados de la Acreditaci\u00f3n - UCMHabana\" \/>\n<meta property=\"og:description\" content=\"[vc_row][vc_column][vc_text_separator title=&#8221;UCMH, Universidad de Excelencia&#8221; color=&#8221;custom&#8221; style=&#8221;shadow&#8221; border_width=&#8221;2&#8243; accent_color=&#8221;#06589c&#8221;][vc_column_text] \u00a0 &nbsp; La Universidad de Ciencias M\u00e9dicas de La Habana, heredera de casi\u00a0 tres siglos de saberes y experiencias acumuladas en la formaci\u00f3n de profesionales y t\u00e9cnicos de la salud, alcanz\u00f3 este 19 de mayo un nuevo escal\u00f3n en el perfeccionamiento de su gesti\u00f3n y encargo [&hellip;]\" \/>\n<meta property=\"og:url\" content=\"https:\/\/ucmh.sld.cu\/?page_id=2482\" \/>\n<meta property=\"og:site_name\" content=\"UCMHabana\" \/>\n<meta property=\"article:publisher\" content=\"https:\/\/www.facebook.com\/universidadcienciasmedicashabana\" \/>\n<meta property=\"article:modified_time\" content=\"2025-05-29T16:13:17+00:00\" \/>\n<meta property=\"og:image\" content=\"https:\/\/ucmh.sld.cu\/wp-content\/uploads\/2022\/06\/LOGO-IMAGEN-TEXTO-CONSOMBRA-PNG.png\" \/>\n\t<meta property=\"og:image:width\" content=\"450\" \/>\n\t<meta property=\"og:image:height\" content=\"135\" \/>\n\t<meta property=\"og:image:type\" content=\"image\/png\" \/>\n<meta name=\"twitter:card\" content=\"summary_large_image\" \/>\n<meta name=\"twitter:site\" content=\"@UCMHabana\" \/>\n<meta name=\"twitter:label1\" content=\"Est. reading time\" \/>\n\t<meta name=\"twitter:data1\" content=\"2 minutos\" \/>\n<script type=\"application\/ld+json\" class=\"yoast-schema-graph\">{\"@context\":\"https:\/\/schema.org\",\"@graph\":[{\"@type\":\"WebPage\",\"@id\":\"https:\/\/ucmh.sld.cu\/?page_id=2482\",\"url\":\"https:\/\/ucmh.sld.cu\/?page_id=2482\",\"name\":\"Resultados de la Acreditaci\u00f3n - UCMHabana\",\"isPartOf\":{\"@id\":\"https:\/\/ucmh.sld.cu\/#website\"},\"datePublished\":\"2025-05-29T15:54:38+00:00\",\"dateModified\":\"2025-05-29T16:13:17+00:00\",\"breadcrumb\":{\"@id\":\"https:\/\/ucmh.sld.cu\/?page_id=2482#breadcrumb\"},\"inLanguage\":\"es\",\"potentialAction\":[{\"@type\":\"ReadAction\",\"target\":[\"https:\/\/ucmh.sld.cu\/?page_id=2482\"]}]},{\"@type\":\"BreadcrumbList\",\"@id\":\"https:\/\/ucmh.sld.cu\/?page_id=2482#breadcrumb\",\"itemListElement\":[{\"@type\":\"ListItem\",\"position\":1,\"name\":\"Home\",\"item\":\"https:\/\/ucmh.sld.cu\/\"},{\"@type\":\"ListItem\",\"position\":2,\"name\":\"Resultados de la Acreditaci\u00f3n\"}]},{\"@type\":\"WebSite\",\"@id\":\"https:\/\/ucmh.sld.cu\/#website\",\"url\":\"https:\/\/ucmh.sld.cu\/\",\"name\":\"UCMHabana\",\"description\":\"Por una universidad de excelencia\",\"publisher\":{\"@id\":\"https:\/\/ucmh.sld.cu\/#organization\"},\"alternateName\":\"Universidad de Ciencias M\u00e9dicas de La Habana\",\"potentialAction\":[{\"@type\":\"SearchAction\",\"target\":{\"@type\":\"EntryPoint\",\"urlTemplate\":\"https:\/\/ucmh.sld.cu\/?s={search_term_string}\"},\"query-input\":\"required name=search_term_string\"}],\"inLanguage\":\"es\"},{\"@type\":\"Organization\",\"@id\":\"https:\/\/ucmh.sld.cu\/#organization\",\"name\":\"Universidad de Ciencias M\u00e9dicas de La Habana\",\"alternateName\":\"UCMHabana\",\"url\":\"https:\/\/ucmh.sld.cu\/\",\"logo\":{\"@type\":\"ImageObject\",\"inLanguage\":\"es\",\"@id\":\"https:\/\/ucmh.sld.cu\/#\/schema\/logo\/image\/\",\"url\":\"https:\/\/ucmh.sld.cu\/wp-content\/uploads\/2023\/05\/logo-universidad_1.jpg\",\"contentUrl\":\"https:\/\/ucmh.sld.cu\/wp-content\/uploads\/2023\/05\/logo-universidad_1.jpg\",\"width\":710,\"height\":498,\"caption\":\"Universidad de Ciencias M\u00e9dicas de La Habana\"},\"image\":{\"@id\":\"https:\/\/ucmh.sld.cu\/#\/schema\/logo\/image\/\"},\"sameAs\":[\"https:\/\/www.facebook.com\/universidadcienciasmedicashabana\",\"https:\/\/twitter.com\/UCMHabana\",\"https:\/\/www.instagram.com\/ucmh_cuba\",\"http:\/\/www.youtube.com\/@universidaddecienciasmedic6315\"]}]}<\/script>\n<!-- \/ Yoast SEO plugin. -->","yoast_head_json":{"title":"Resultados de la Acreditaci\u00f3n - UCMHabana","robots":{"index":"index","follow":"follow","max-snippet":"max-snippet:-1","max-image-preview":"max-image-preview:large","max-video-preview":"max-video-preview:-1"},"canonical":"https:\/\/ucmh.sld.cu\/?page_id=2482","og_locale":"es_ES","og_type":"article","og_title":"Resultados de la Acreditaci\u00f3n - UCMHabana","og_description":"[vc_row][vc_column][vc_text_separator title=&#8221;UCMH, Universidad de Excelencia&#8221; color=&#8221;custom&#8221; style=&#8221;shadow&#8221; border_width=&#8221;2&#8243; accent_color=&#8221;#06589c&#8221;][vc_column_text] \u00a0 &nbsp; La Universidad de Ciencias M\u00e9dicas de La Habana, heredera de casi\u00a0 tres siglos de saberes y experiencias acumuladas en la formaci\u00f3n de profesionales y t\u00e9cnicos de la salud, alcanz\u00f3 este 19 de mayo un nuevo escal\u00f3n en el perfeccionamiento de su gesti\u00f3n y encargo [&hellip;]","og_url":"https:\/\/ucmh.sld.cu\/?page_id=2482","og_site_name":"UCMHabana","article_publisher":"https:\/\/www.facebook.com\/universidadcienciasmedicashabana","article_modified_time":"2025-05-29T16:13:17+00:00","og_image":[{"width":450,"height":135,"url":"https:\/\/ucmh.sld.cu\/wp-content\/uploads\/2022\/06\/LOGO-IMAGEN-TEXTO-CONSOMBRA-PNG.png","type":"image\/png"}],"twitter_card":"summary_large_image","twitter_site":"@UCMHabana","twitter_misc":{"Est. reading time":"2 minutos"},"schema":{"@context":"https:\/\/schema.org","@graph":[{"@type":"WebPage","@id":"https:\/\/ucmh.sld.cu\/?page_id=2482","url":"https:\/\/ucmh.sld.cu\/?page_id=2482","name":"Resultados de la Acreditaci\u00f3n - UCMHabana","isPartOf":{"@id":"https:\/\/ucmh.sld.cu\/#website"},"datePublished":"2025-05-29T15:54:38+00:00","dateModified":"2025-05-29T16:13:17+00:00","breadcrumb":{"@id":"https:\/\/ucmh.sld.cu\/?page_id=2482#breadcrumb"},"inLanguage":"es","potentialAction":[{"@type":"ReadAction","target":["https:\/\/ucmh.sld.cu\/?page_id=2482"]}]},{"@type":"BreadcrumbList","@id":"https:\/\/ucmh.sld.cu\/?page_id=2482#breadcrumb","itemListElement":[{"@type":"ListItem","position":1,"name":"Home","item":"https:\/\/ucmh.sld.cu\/"},{"@type":"ListItem","position":2,"name":"Resultados de la Acreditaci\u00f3n"}]},{"@type":"WebSite","@id":"https:\/\/ucmh.sld.cu\/#website","url":"https:\/\/ucmh.sld.cu\/","name":"UCMHabana","description":"Por una universidad de excelencia","publisher":{"@id":"https:\/\/ucmh.sld.cu\/#organization"},"alternateName":"Universidad de Ciencias M\u00e9dicas de La Habana","potentialAction":[{"@type":"SearchAction","target":{"@type":"EntryPoint","urlTemplate":"https:\/\/ucmh.sld.cu\/?s={search_term_string}"},"query-input":"required name=search_term_string"}],"inLanguage":"es"},{"@type":"Organization","@id":"https:\/\/ucmh.sld.cu\/#organization","name":"Universidad de Ciencias M\u00e9dicas de La Habana","alternateName":"UCMHabana","url":"https:\/\/ucmh.sld.cu\/","logo":{"@type":"ImageObject","inLanguage":"es","@id":"https:\/\/ucmh.sld.cu\/#\/schema\/logo\/image\/","url":"https:\/\/ucmh.sld.cu\/wp-content\/uploads\/2023\/05\/logo-universidad_1.jpg","contentUrl":"https:\/\/ucmh.sld.cu\/wp-content\/uploads\/2023\/05\/logo-universidad_1.jpg","width":710,"height":498,"caption":"Universidad de Ciencias M\u00e9dicas de La Habana"},"image":{"@id":"https:\/\/ucmh.sld.cu\/#\/schema\/logo\/image\/"},"sameAs":["https:\/\/www.facebook.com\/universidadcienciasmedicashabana","https:\/\/twitter.com\/UCMHabana","https:\/\/www.instagram.com\/ucmh_cuba","http:\/\/www.youtube.com\/@universidaddecienciasmedic6315"]}]}},"_links":{"self":[{"href":"https:\/\/ucmh.sld.cu\/index.php?rest_route=\/wp\/v2\/pages\/2482"}],"collection":[{"href":"https:\/\/ucmh.sld.cu\/index.php?rest_route=\/wp\/v2\/pages"}],"about":[{"href":"https:\/\/ucmh.sld.cu\/index.php?rest_route=\/wp\/v2\/types\/page"}],"author":[{"embeddable":true,"href":"https:\/\/ucmh.sld.cu\/index.php?rest_route=\/wp\/v2\/users\/1"}],"replies":[{"embeddable":true,"href":"https:\/\/ucmh.sld.cu\/index.php?rest_route=%2Fwp%2Fv2%2Fcomments&post=2482"}],"version-history":[{"count":6,"href":"https:\/\/ucmh.sld.cu\/index.php?rest_route=\/wp\/v2\/pages\/2482\/revisions"}],"predecessor-version":[{"id":2484,"href":"https:\/\/ucmh.sld.cu\/index.php?rest_route=\/wp\/v2\/pages\/2482\/revisions\/2484"}],"wp:attachment":[{"href":"https:\/\/ucmh.sld.cu\/index.php?rest_route=%2Fwp%2Fv2%2Fmedia&parent=2482"}],"curies":[{"name":"wp","href":"https:\/\/api.w.org\/{rel}","templated":true}]}}